. Let w be a(f). Suppose p = -2*l + w + 4, -l + 5*p + 5 = 0. Calculate u(l).
-5
Suppose -t + 2*t = 4*s - 11, 2*s + 4*t = 10. Let n(f) = -7*f**3 + s - f + 0*f + f**3 - 5*f**2 + 5*f**3. Calculate n(-5).
8
Let g = -256 - -262. Let c(w) be the second derivative of 1/4*w**4 + g*w - w**2 + 0 - 1/6*w**3. What is c(-2)?
12
Let l(r) = 0*r**3 + 1515 + 11*r**2 - 1517 + 3*r**3. What is l(-4)?
-18
Let p(j) be the third derivative of j**6/24 + j**5/20 - j**2 + 215. What is p(-2)?
-28
Let u(z) = -z - 3. Let s(m) = m**3 - 5*m**2 + 0*m**3 - 5 + 7 - 1. Let q be s(5). Let f = q - 1. Determine u(f).
-3
Suppose 4*g - 3*g - 6 = 0. Suppose 0*a - g = -i - a, 2*i + 5*a - 18 = 0. Suppose 6 - 2 = -i*b. Let h(z) = 12*z**3 - z**2 + z + 1. Determine h(b).
-13
Let g be 4/1 + (14 - 2). Let f = g + -17. Let m(z) = 9*z - 5. Let h(w) = w - 1. Let s(p) = -4*h(p) + m(p). Calculate s(f).
-6
Suppose -2*f - 5 = -3*f. Suppose 5*j - f = 15. Let i(l) = l**2 - 4*l - 2. Calculate i(j).
-2
Suppose -4*s - 20 = -8*s. Suppose 2*f = s*f. Let a(q) = q + f*q + 7 + 4. Calculate a(-5).
6
Let i(p) = p + 1. Let f(w) = -7. Let c(o) = -f(o) - 5*i(o). Suppose 0 = r - k - 2, -4*k = -0*r - 2*r + 12. Give c(r).
12
Let z(g) = 5*g. Let x be z(8). Suppose -4*y + 9*y = x. Let s = -7 + y. Let w(a) = -5*a**3 - a + 1. Determine w(s).
-5
Let z = 80 + -78. Let l(g) = -g + 4. Let x be l(5). Let c be x/z + (-40)/16. Let v(r) = -r**3 - 2*r**2 - 2. Give v(c).
7
Let p = -11 + 14. Suppose n - p = 3. Let v(c) = -4*c + 2. Let j(i) = -23*i + 11. Let s(t) = n*j(t) - 34*v(t). Give s(-3).
4
Let d(o) be the third derivative of -o**6/120 - o**5/12 + 7*o**4/24 + o**3/3 - 18*o**2. Let h(w) = -w**3 - 5*w**2 - 2*w + 2. Let n be h(-4). Calculate d(n).
-4
Let t(q) = 3*q**2 - 8*q + 12. Let b(v) = v**2 - 2*v. Let h(i) = 4*b(i) - t(i). Determine h(4).
4
Let r(w) = -3*w + 128. Let m(i) = -i + 46. Let d(o) = 11*m(o) - 4*r(o). What is d(10)?
4
Let h(q) be the first derivative of -q**3 - 3*q**2/2 + 3*q + 40. What is h(-3)?
-15
Let i be (-1 - (4 - 4)) + -1. Let g be i + (-4)/(-2) + -4. Let l(n) = -2*n - 1. Calculate l(g).
7
Suppose -5*y + t = -103, -y - t + 5 = 4*t. Suppose -y = -4*x, 0*q - 5*q - 4*x = -55. Let l(k) = -3*k - 2 + 2*k + 8. Determine l(q).
-1
Let v be 3/(2 - 1) + 0 + -3. Let x(h) = 4 + h**3 - 4*h**2 + v + 3*h**2 - 2*h**2 - 4*h. Determine x(3).
-8
Let l(t) = -t + 1. Suppose -5*v + 74 = 4*n, -2*n = -4*v + v - 26. Let r = n - -6. Suppose -18*i + r*i = 0. Give l(i).
1
Let q(p) be the first derivative of 3*p**4/2 - p**3/3 - p**2/2 + p - 4. Let o = -7 + 3. Let k be 2/4*(o + 6). Give q(k).
5
Suppose 7*n - 10 - 25 = 0. Let x(j) be the third derivative of -5*j**2 + 0*j**4 + 2/3*j**3 + 0*j + 0 - 1/60*j**n. Determine x(0).
4
Let z(m) = -5*m**3 - 132*m**2 + 82*m + 20. Let k be z(-27). Let n(c) be the first derivative of c**2 - c - 1. Give n(k).
-15
Let d(g) = 8*g**2 + 1. Suppose r + 24 = 9. Let a be 6/r + 9/(-15). Calculate d(a).
9
Let v(i) = 4*i + 3. Let d(b) = 1. Let m(a) = -4*d(a) + v(a). Let f = -79 - -16. Let k = -64 - f. Calculate m(k).
-5
Let b(m) = m**3 + 3*m**2 + 2*m - 2. Let s be b(-2). Let d = 3 + s. Let o(l) = l + 6. Let a(p) = -1. Let w(q) = d*o(q) - 2*a(q). Give w(0).
8
Let p(j) be the third derivative of -j**5/30 + 5*j**4/8 - 5*j**3/6 + 79*j**2 + 2*j. Determine p(7).
2
Let k(t) = t + 1. Let f(p) = -p**2 - 11*p + 15. Let u be 86/(-7) + 20/70. Let g be f(u). Calculate k(g).
4
Let c = 9 + 6. Suppose -5*g = 2*j + 27, 5*j + 5*g - c + 60 = 0. Let k(h) = -5*h + 9. Let q(p) = p - 1. Let m(r) = -k(r) - 6*q(r). Give m(j).
3
Let r(h) = 11*h**3 - 9*h**2 + 10*h + 1. Let j(b) = 24*b**3 - 19*b**2 + 21*b + 3. Let p(a) = 6*j(a) - 13*r(a). Determine p(-4).
5
Let t be 104/1 - -3*1. Suppose -2*p + 103 - t = 0. Let g(l) = 3*l**2 + 3*l + 2. Determine g(p).
8
Suppose -3 = -18*y + 17*y. Let r(d) = -2*d**2 + 2 + 0*d**2 + 2*d**3 + 1 - 2*d**2. Calculate r(y).
21
Suppose -5*f + 15 = -p, 3*f - 9 = -5*p + 3*p. Let y be (-20)/25 + f/(-15). Let q(i) = -11*i - 1. Determine q(y).
10
Let a(l) = l**2 - 3*l - 1. Let s be (-8)/(-20) + (-4)/10. Suppose s = -j + 4*j - 3. Suppose t - j = -3. What is a(t)?
9
Let l(p) = p**2 - 4*p - 3. Suppose 0 = 9*m + 5*m - 28. Suppose 5*x - 35 = -m*x. What is l(x)?
2
Let s(v) be the second derivative of v**3/2 + v. Let y(w) = -w - 12. Suppose 6*a + 17 + 67 = 0. Let f be y(a). What is s(f)?
6
Suppose -2*u + i - 2 = -1, 4*u - 3 = -3*i. Suppose 5*o - 24 - 1 = u. Let w(t) = o - 2*t - 1 + t - 6. What is w(2)?
-4
Suppose 0*t = 4*t - 44. Let u(j) = t + 5*j + 5 - 6*j + 0*j. Let l(x) = -x**2 - 3*x - 2. Let f be l(-2). Calculate u(f).
16
Let t(i) = 3*i**3 + 3*i**2 - 4*i - 3. Let z(r) = -r - 6. Let p be z(-4). Let g be t(p). Let u be (4/(-2) - g) + 0. Let x(a) = -a**3 + 5*a**2 - a - 7. Give x(u).
-12
Let i(f) be the second derivative of -f**4/12 + f**3/2 + 7*f**2/2 + 3*f - 37. What is i(8)?
-33
Let n(c) = c**3 - 4*c**2 - 2*c + 4. Let d(h) be the third derivative of 0 + 0*h - 1/60*h**5 + 2*h**3 - 1/3*h**4 + h**2. Let q be d(-9). Calculate n(q).
-11
Let k(g) = -17*g + 2 - 6*g + 19*g + g**2. Let b(r) = -r - 2. Let m be b(-5). Give k(m).
-1
Let j(n) = 2 - 2*n + 3*n - 2*n. Let w(x) be the second derivative of 2*x**3/3 + 22*x**2 - 20*x. Let f be w(-10). What is j(f)?
-2
Let u be (5 - -6)/(1 + 0). Let h(k) = -k**2 + 10*k + 13. Let r be h(u). Suppose f + i + r + 0 = 0, 1 = 2*f + i. Let m(p) = -p + 1. Determine m(f).
-2
Let o(v) be the second derivative of v**4/12 - v**3 + 2*v**2 + 5*v - 5. Determine o(3).
-5
Let k(j) = -5*j**3 + 21*j**2 - 21*j + 24. Let h(d) = -12*d**3 + 41*d**2 - 41*d + 49. Let x(v) = 2*h(v) - 5*k(v). Determine x(22).
0
Let w(h) = h**2 - 87*h - 90*h + 1 + 169*h. Let q(k) = 1. Let i(p) = -3*q(p) + w(p). Give i(8).
-2
Let a(c) = 4*c + 177. Let k be a(-46). Let l(f) = -f**3 - 6*f**2 + 7*f + 4. Give l(k).
4
Suppose -4*v + 10 = -18*s + 16*s, 5*s + 3*v - 1 = 0. Let w(h) = 14*h**3. Give w(s).
-14
Let o(j) be the second derivative of -j**7/2520 - j**6/120 - j**5/24 - 11*j**4/12 - 7*j. Let l(h) be the third derivative of o(h). Calculate l(-4).
3
Let k(j) = j**3 + 11*j**2 - 11*j + 16. Let a = -170 - -158. Determine k(a).
4
Suppose f + 2 = 4. Suppose 0 = -f*y + 4*y - 4. Let d(r) = -5*r**2 - 7*r - 7. Let v(k) = 3*k**2 + 4*k + 4. Let z(b) = -4*d(b) - 7*v(b). Give z(y).
-4
Let v be (-4)/(-2) - (-7 + 8). Let h(s) = 1. Let n(p) = -p**2 - 11. Suppose -5*c - 308 = 22. Let r(b) = c*h(b) - 6*n(b). Calculate r(v).
6
Let s(c) be the third derivative of c**4/24 + 2*c**3/3 - 30*c**2. Suppose 0 = -4*y + 3*y + 1. Let r be 12/8*y*2. What is s(r)?
7
Let o be (-13)/(-1) - (-12)/(-6). Suppose 9*b + 8 = o*b. Let v(q) = 6*q - 2. Determine v(b).
22
Let t(c) = 9*c + 1. Let w(s) = -5*s. Let f(d) = -4*t(d) - 7*w(d). Suppose 0*b - 6 = -2*b. Give f(b).
-7
Let t(z) = -z**2 + 6*z - 3. Let y be t(3). Let n = -9 - y. Let b = n + 14. Let h(q) = 9*q**2 + q. Give h(b).
8
Let s(h) = 2*h + 5. Let t(b) be the first derivative of -11 + 0*b - 1/2*b**2. Let n(q) = -s(q) - t(q). Determine n(-5).
0
Suppose 2*p - 3*p - 5 = 0. Let c(h) be the second derivative of 3*h**2 - 5*h + 0 + 1/2*h**3. Determine c(p).
-9
Let i(f) = -2*f - 4. Let q be (-4)/30 - 3306/855. Determine i(q).
4
Let j(v) = -2*v. Let s = -24 - -32. Give j(s).
-16
Let o be -10 + (-5 + 23 - 6). Let l(j) = 4*j**2 - j + 1. Calculate l(o).
15
Let b(v) = -v - 1. Suppose 3*m - 6 - 33 = 0. Let w be (m - 1)*(-3)/(-9). Suppose u - x + 4 = -w, 0 = -u - 3*x - 8. Calculate b(u).
7
Suppose 0 = 9*a - 5*a - 12. Suppose k - n + 3 - 8 = 0, 0 = 2*k + 5*n - a. Let p(i) = -2 - 3 + i + k - 1 - i**2. Determine p(0).
-2
Let d(r) be the third derivative of 1/2*r**3 - 3*r**2 + 1/60*r**5 - 1/12*r**4 + 0 + 0*r. Let f = 8 + -6. What is d(f)?
3
Let t = -100 - -99. Let q(n) = n**3 + 5*n**2 - 3*n - 8. Let k(a) = -4*a + 6*a - 3*a. Let m(y) = t*q(y) - 3*k(y). Calculate m(-6).
8
Let o(n) = -7*n + 16. Let l be o(2). Let s(u) = -u**3 - 2 + u**2 - 5*u**3 + 7*u**3 - 3*u**3 + l*u. Determine s(2).
-10
Let w(y) be the second derivative of 0 - 5/24*y**4 - y + 1/6*y**3 - 1/2*y**2. Let v(z) be the first derivative of w(z). Calculate v(1).
-4
Let k be (12/(-15))/(216/(-30) + 7). Let m = 0 - -3. Let z(b) = -2*b**m + 2*b + b**3 + 4*b + 2*b**3 + k - 7*b**2. Give z(6).
4
Suppose 15 = -3*a, -40*a = -4*i - 39*a + 29. Let n(z) = z**3 - 6*z**2 - 2*z + 3. What is n(i)?
